alue of -23 - (1 - (-4 + (-7 - -19)))?
-16
Calculate 19 - (5 - -8) - 17.
-11
What is the value of -2 + -23 + 20 + (0 - -12 - 3)?
4
Evaluate -6 + (0 + 4 - -5) + -11 + 4.
-4
-5 - -3 - ((-17 - 1) + (8 - 7))
15
What is the value of 1 + -7 + (60 - 51) + 4 - 8?
-1
Evaluate 1 + -6 + -9 + 24 + -10.
0
Evaluate 0 - (9 - 0 - (116 + -117)).
-10
Calculate -11 - (7 - -13 - 10).
-21
What is (-8 - -18) + 13 + -12 - 23?
-12
What is the value of (14 - 2 - 19) + 14?
7
Calculate 8 + (-8 - (6 + (3 - 14))) - 4.
1
20 - (19 + -4 + 6)
-1
Evaluate -8 + (-7 - 3) + 7.
-11
Calculate 4 - (7 - 7) - (29 - (-9 + 16)).
-18
What is the value of 9 + (15 - (1 - -15))?
8
Evaluate -11 + (-3 - -15 - (16 + 4)).
-19
What is the value of -31 + 1 - (-814 + 795)?
-11
Evaluate (39 + -48 - -9) + (-1 - -17).
16
-6 - (-2 - (-12 + 11 - -6))
1
What is the value of 4 + -16 - 7 - -20?
1
Calculate 4 + (19 - 16) + (-2 - 3).
2
10 - (25 + -13 + -10)
8
What is the value of 26 + 1 + (-6 - 5)?
16
Calculate -11 + (13 - 16 - -5) + (-5 - -29).
15
Calculate 3 - -11 - (27 - 27).
14
Calculate -194 + 210 - (-1 + 2 - 2).
17
Calculate (8 - 0) + (785 - 819).
-26
Evaluate -22 + 6 + 31 - (1 + 2).
12
Evaluate -4 - (-2 + 5) - (-474 + 453).
14
(-18 - -12) + 13 + (6 - -1)
14
Evaluate 5 + (4 - -1) + -6 + 5 + 0.
9
Calculate 18 + 1 + -23 + (10 - -2).
8
Evaluate 14 + -3 + (12 - (24 + -6)).
5
Calculate 21 + (-52 - 1) - -19.
-13
What is -2 - (0 + 4 + -7)?
1
What is the value of (-1 - 18) + (36 - 16)?
1
What is the value of (-1 + -33 - (-5 + 6 + 5)) + 11?
-29
130 + -133 + -11 + -1 - -45
30
11 - (13 + -6 + 20 + -13)
-3
Calculate 38 + -57 + 27 + -4 + 1 + -1.
4
-23 + (-7 - -34) - 16
-12
What is the value of -18 + 2 + (69 - 63) + -3 + -2?
-15
Evaluate -5 - -31 - -1 - 26.
1
(10 - 6) + 10 + -25
-11
Calculate 4 + 11 + (-57 - -25).
-17
Calculate -23 + (65 - (-15 - -35)).
22
-5 + (2 + -3 - (3 + -7))
-2
What is -6 - (-2 + 9 + (-9 - -6))?
-10
What is the value of 2 + -10 + -9 + 2?
-15
What is (-4 - (-21 + -1)) + -2 + -6?
10
What is the value of (87 - 96) + (-8 - -3)?
-14
Calculate 4 + -3 - (-3 + (4 - 4)) - -19.
23
What is -26 + 32 + (-2 - 0)?
4
-10 + 7 + 1 + (28 - 12)
14
What is 9 + (49 - 89) + (10 - 1)?
-22
Calculate (-37 - 2) + (-14 - -35).
-18
-14 + (-8 - (-17 - 5))
0
Calculate 6 - (-1 + 10) - (4 - -1) - -1.
-7
Evaluate -1 + (-27 - -2) - (-38 - (-16 - 11)).
-15
What is the value of 2 + -12 + 18 - 10?
-2
What is (-6 - (7 - (10 + -10))) + 6?
-7
What is the value of (-10 + 1 - -1) + 2208 + -2190?
10
Calculate (12 - 34) + 1 + 7.
-14
What is -7 + 12 + -12 + (-7 - (-4 + -6))?
-4
Evaluate (1 - -3) + (17 - 34) + 17.
4
What is -25 + 37 + -5 + (6 - -1)?
14
-26 - ((7 - (19 - 13)) + (-8 - 0))
-19
Evaluate 0 + 0 - (12 - 4).
-8
What is 1 - 17 - (-665 + 657)?
-8
Calculate -7 + (7 - 10) + -8 + 8.
-10
Calculate -185 - -190 - ((2 - 2) + -13 + 1).
17
Evaluate -2 + 1 + -1 + (5 - 18) + 6.
-9
What is the value of 1 + 8 - (-7 + 6)?
10
Evaluate -9 + 27 + (4 - 15).
7
Evaluate (-5 - 1 - -12 - 0) + -10.
-4
(4 - 2) + (7 - 2) + (-49 - -54)
12
What is 2 + 1 + (5 - -7) + -18?
-3
-8 - (-67 - -27) - 22
10
(-27 - (41 + -69)) + -34
-33
Evaluate 14 + -6 - (2 + -6).
12
Evaluate -21 - (28 + -15 - 58).
24
What is the value of -4 - 5 - (-15 + 11 + -4)?
-1
Calculate (7 - -1) + (-25 + 17 - -3) - 3.
0
(-30 - (12 + 12)) + 19
-35
What is the value of -15 + 1 + 13 + (-12 - 5) + 6?
-12
35 + (7 - 11) + -22
9
Evaluate 23 + (-52 - -14) + 7.
-8
Evaluate -2 - (-23 - (10 - 10)) - -12.
33
Calculate 31 + -15 - 12 - -4.
8
Calculate (-16 + 15 - (-2 - -8 - 0)) + 1.
-6
What is the value of -24 - (-20 - 31) - -5?
32
What is the value of 5 + -8 + -2 + (28 - 24)?
-1
What is -1 + (10 + -7 - (16 - 13))?
-1
What is -9 + 25 + (-4 - 14)?
-2
Calculate -10 - -2 - (3 + -21) - 0.
10
Evaluate (13 - 1) + (-10 + 35 - 12 - 24).
1
Evaluate 8 - (-1 + 24 - (16 + -20 - -6)).
-13
What is 3 + (-2 - (2 + -8)) + (-8 - -5)?
4
What is the value of 9 - (-22 - (-2 + 3 + -8 + 0))?
24
Calculate 3 + (-3 - -12) + -19.
-7
(39 - 31) + (5 - 8) - -14
19
Evaluate (-12 - (1 + -7)) + 2 + -8.
-12
What is the value of -2 + (4 - -1) + 2 - (-208 + 211)?
2
Evaluate 34 - 0 - (37 - 3).
0
Evaluate 2 + -1 + (12 - (19 - 7)).
1
What is the value of (16 - (19 + -4)) + (-5 - -2)?
-2
Calculate 7 + -11 - -20 - 13.
3
Calculate 6 - 12 - -13 - (5 + (-3 - 0)).
5
What is the value of -5 + (-7 - -12) - 13?
-13
-7 + 0 + (5 - -14) + 4
16
5 + -7 + 14 + -22
-10
What is -3 + 5 + -7 - (43 + -43)?
-5
-35 + 29 + (1 - -11)
6
Calculate 16 + 7 + 5 + -26.
2
What is (860 - 852) + -3 + (-26 - 1 - -3)?
-19
What is 2 - (0 - (-5 - 4)) - (0 - 1)?
-6
(19 - (8 - -11)) + 23
23
5 - 16 - (-21 - -52 - 7)
-35
-9 + (6 - 11) + (16 - -3)
5
10 - (1 + 13 - -1)
-5
What is the value of 83 - 52 - (75 - 8)?
-36
Calculate 12 - (-9 + 13 + (1 - 4)).
11
What is -1 - (1 - (-30 - -30) - (7 + 0))?
5
Calculate (-112 - -34) + 33 + 7.
-38
What is -16 + 24 + -6 + -16?
-14
(-3 - -2) + 1 - (-40 - -39)
1
What is -13 - (-1 + -43 + (27 - 20))?
24
Evaluate 1 - 2 - (1 + 1) - (3 - 9).
3
What is the value of -68 + 80 + 3 + -2 + 2 - 9?
6
Evaluate 8 + -19 + 13 + -9.
-7
What is the value of -3 + -12 + 4 - 0 - 7?
-18
Evaluate -24 - -17 - (-4 + 7 - 5).
-5
What is the value of 88 + -71 - (20 + -3)?
0
What is 8 + -3 + (-1 - 4 - -7)?
7
What is the value of (53 - 57) + (2 - -13)?
11
Calculate -19 + -21 + 37 - -2.
-1
Evaluate 8 + -3 + -11 + (1 - (1 + -4)).
-2
What is -9 - (1 + 5 - -1 - -3)?
-19
0 - (44 - 28) - -25
9
7 - (4 - 2 - -2)
3
What is the value of (1 - 9) + 196 + -161 + (-19 - -2)?
10
Calculate (16 - 9) + 1 + (-6 - -33).
35
What is 29 + (-10 - -7 - 17)?
9
4 + (-29 - -8) + 1 + 0 + -3
-19
Evaluate 1 + 9 + (16 - (21 + 13)).
-8
4 + -8 - -2 - -12
10
Calculate 14 + 17 + -32 + -18.
-19
(-24 + 34 - 15) + -1 + -7
-13
What is the value of 23 - (28 + 8 + 2)?
-15
Evaluate -66 - -49 - (-2 + 9) - 5 - -3.
-26
What is the value of -11 - (5 + -17 - -5 - 5)?
1
(6 - (-6 + 3)) + 0 + -11 - -1
-1
Evaluate 6 - (0 + -12 + (-6 - -9)).
15
What is the value of 36 + -9 - (21 - 3)?
9
2 + -3 + 1 + 5 + 135 + -138
2
(-5 - -18) + -5 - 2
6
-3 + -22 - (55 + -14 - 38)
-28
What is 17 + -23 + (10 - 2)?
2
What is -4 - (4 + -3 - 9 - 9)?
13
What is the value of -7 + (-4 + 10 - -1)?
0
-25 + 32 - (37 - 19)
-11
What is 1 - -5 - (4 + -1 + (-4 - -6))?
1
Calculate (-8 - (-3 + 4)) + -3.
-12
Calculate -10 - (-17 - (-9 - 22)).
-24
What is 0 - (6 - (6 + 25) - -12)?
13
Evaluate -4 + -1 - (-6 - (-3 - 10)).
-12
Evaluate 3 - -1 - (-28 + 37).
-5
-1 - (-1 - (-8 + 3 + 2 - 3))
-6
What is the value of -1 + (7 + -7 - -9) + -8?
0
Calculate -1 + (1 + 18 - 21).
-3
(-1 + (6 - -9) - 9) + -12
-7
(-19 - -12 - -13 - (0 + 18)) + 4
-8
(0 + 6 - 16) + 1 + -6 + 1
-14
Evaluate 1 + 28 - (6 - (26 - 18) - -4).
27
-1546 + 1587 + -1 + -26
14
Evaluate 1577 + -1544 + 0 + -3.
30
What is the value of -138 + 158 - (-4 - -24)?
0
What is (496 - 470) + 1 + 0?
27
Calculate 21 - 25 - (15 - (6 - -1)).
-12
Evaluate 13 - (44 - 22 - 26).
17
(-13 - -4) + (-3 - (5 - 13) - 4)
-8
18 + -30 + -4 + 31
15
Evaluate (-65 - -72) + -17 + (0 - 0).
-10
Evaluate 11 + -3 + (-5 - -1) + -2.
2
Calculate -19 + 47 + -21 + 17 + 3.
27
What is the value of -11 + 9 + 3 + 1 - (-2 + -1)?
5
Calculate -6 - (-32 + 14) - (-1 - 1).
14
What is the value of 25 + -22 + 22 + -45?
-20
Calculate 21 - (-9 + 33) - (-1 + 2).
-4
Calculate 1 + -7 + 3 + -1 + (-3 - -4).
-3
Evaluate 5 - -1 - (-18 + (-20 - -33)).
11
What is the value of 0 + -12 + (-10 - -5)?
-17
What is (-9941 - -9934) + 2 + 0 + 0 + 22?
17
What is the value of 9 - ((68 + -20 - 17) + (-1 - 3))?
-18
Evaluate 522 + -512 - (-2 - -17).
-5
(-1 - (-18 + 30)) + 21
8
Calculate -12 + (-3 - 15 - (-10 + -27)).
7
8 - -12 - 8 - 12 - (5 + 0)
-5
Evaluate -6 - ((-17 - (33 - 28)) + -1 + 9).
8
What is the value of -22 + (20 - 7) + (39 - 1) + -5?
24
Evaluate -11 + 22 + -13 - -14 - 9.
3
-11 - (-9 - 3) - (0 + 15)
-14
Evaluate -270 + 280 - (-1 + -4 + -2).
17
What is -4 + (-33 + 25 - (4 + (7 - 4)))?
-19
What is (-3 + -23 - -41) + 15?
30
Evaluate 10 + 8 + -3 + -2 + -10.
3
Calculate -3 + -2 + 1 + (-12 - (-20 - 8)).
12
Evaluate 1 - (-63 + 64 + (1 - -1)) - 2.
-4
(-123 + 96 - (-2 + -1)) + 0
-24
What is the value of 10 - (9 + 17 + -14)?
-2
What is (7 + 2 + 0 - (-157 - -172)) + -1?
-7
Calculate -5 + 20 + (-6 - 0 - -7 - 6).
10
13 + (-15 + 5 - (-3 + 1))
5
What is 6 + (-4 - -1) + -2 + -2 + 18?
17
Evaluat